*x**2 - 369*x**2 + 737*x**2 + 5*x. Calculate j(5).
3
Let b(c) = -c + 5. Let q be 6 + 0 + (-1 - -1). Let h be b(q). Let i(k) = 5*k**2 + 3*k - 9. Let d(x) = x**2 + x. Let l(p) = h*i(p) + 4*d(p). Give l(0).
9
Let w(b) = -6 + 40623*b - 40624*b + 22. Calculate w(14).
2
Let l(i) be the first derivative of -12 + 1/3*i**3 + 7/2*i**2 - 2*i. Calculate l(-6).
-8
Let w(v) = 3*v**2 - 3*v - 3. Let x be w(5). Let d be 4/14 - x/(-21). Let n(s) = s**2 + 2*s - s**3 - 1 + 3*s**2 - 4 + 2*s**d. What is n(-4)?
-13
Let b(r) = r**3 + 3*r**2 + 3*r. Let l = 41 - 24. Suppose -l = -v - 2. Suppose 2*j = 7*j + v. Determine b(j).
-9
Let x = -3 - 8. Let s = -7 - x. Let c(a) = -12*a - 22. Let z(m) = 2*m + 4. Let j(o) = 6*c(o) + 34*z(o). What is j(s)?
-12
Let n(i) = -2*i + 6. Let p(x) = -29*x - 96. Let w be p(-3). What is n(w)?
24
Let n be 2/4 - (-196)/8. Let x be 2*(-3)/(30/n). Let w(m) = -m - 6. Give w(x).
-1
Let l(i) = 5*i + 40. Let c(o) = 2*o + 39. Let m(a) = 3*c(a) - 2*l(a). What is m(9)?
1
Let a = -8 + 10. Suppose -w = -0*w + 5*k - 1, w + 4*k = 1. Let d(g) = -3*g - g**a - 1 + w + 1 + 0*g**2. Determine d(-3).
1
Let i = 5 - 4. Let j(h) = -h**2 + i - 3*h - 3 - 2*h. Let x = -33 - -30. Give j(x).
4
Let v(t) = 2*t**2 + t - 2. Let i be -2 + 2 + -1 - (6 + -7). Suppose -2*q + 6 = -5*g + q, 4*g - 5*q - 3 = i. Give v(g).
13
Let v(r) = r**3 - 12*r**2 + 8*r + 12. Let t be v(11). Let p = 26 + t. Let q(w) = -p + 9*w**2 + 3 + 2. Give q(1).
9
Suppose 5*a = -20 - 0. Let i(b) = b**2 - 4*b. Let r be i(5). Let l(w) = -r*w - 27 + 0*w + 27 - w**2. Give l(a).
4
Let q(y) = -16*y**2 - 2*y - 2. Suppose 37*u + 30 = 7*u. Calculate q(u).
-16
Let l(j) = -j**3 + j**2 + 3*j + 4. Suppose 0 = -13*d + 10*d + 6. Suppose d*a = -a + 9. What is l(a)?
-5
Let g be (4 - 3/2)/((-6)/12). Let j(s) = s**3 + 4*s**2 - 2*s + 1. Give j(g).
-14
Let o(s) = 30 - s - 9 - 6 - s**2 - s**2 - 11. Determine o(4).
-32
Let n(c) be the second derivative of c**3/6 + 2*c**2 + 5*c. Let z(v) = -3*v + 3 - 1 - 5*v**2 - 4*v**3 + 6*v**3 - 2*v. Let w be z(3). Calculate n(w).
0
Let o be ((1260/(-25))/9)/((-2)/(-5)). Let t(x) = -x**3 - 15*x**2 - 12*x + 30. Calculate t(o).
2
Let b(o) = o**3 - 5*o**2 + 6*o - 3. Let d be 4/5 - 110/(-50). Suppose 3*s - 2*s = d. Let f be b(s). Let i(a) = -a**2 - a - 4. Calculate i(f).
-10
Let n = -19 - -22. Let v(d) = d**2 + 0*d**2 - 8*d**2 + 13*d**2 + 4 + d**n - 8*d. Calculate v(-7).
11
Let u(f) be the first derivative of -f**5/60 - f**4/8 + 9*f**3 + 5. Let a(y) be the third derivative of u(y). Calculate a(4).
-11
Let x(l) = -l**3 - 4*l**2 - 3*l + 3. Let n be ((-5)/(-2))/(1/2). Let f(b) = b - 9. Let p be f(10). Let q = p - n. Give x(q).
15
Let j(f) = f**3 - 6*f**2 + 4*f - 3. Let b(z) = -z**3 + 6*z**2 - 3*z - 8. Let l be b(5). Calculate j(l).
-11
Suppose -2*u - 7 = 3. Let p(n) = -n**3 - 6*n**2 + 2*n + 5. Calculate p(u).
-30
Let x(g) = g**2. Let a(c) = 5*c**2 - 4*c + 13. Let j(b) = -a(b) + 6*x(b). Calculate j(-6).
-1
Let l(p) = -1. Let s(n) = 4*n - 2. Let a(m) = -5*l(m) + s(m). Give a(-1).
-1
Let l(i) = -i - 3. Let x(s) = s - 1. Let b = 1 - -1. Let r(h) = b*x(h) - l(h). Calculate r(-4).
-11
Let z(k) = -k**3 + 5*k**2 + 7*k - 6. Let t be (48/12)/(-1 - -3). Suppose -t*h - 2*h - 26 = -2*r, 0 = -5*r - h + 87. Suppose 13 + r = 5*v. Determine z(v).
0
Let v(p) be the third derivative of -8*p**2 - 1/12*p**4 + 0*p + 5/6*p**3 + 0. Determine v(5).
-5
Let b(w) = -w**2 - 5*w - 2. Suppose 102 = -5*a + t, -a + 2 = 3*t + 16. Let m = a - -14. Calculate b(m).
-8
Let j(d) be the first derivative of 11 + 1/2*d**2 - 6*d - 1/4*d**4 + 7/3*d**3. Determine j(7).
1
Suppose 0 = 740*t - 737*t - 27. Let g(r) be the first derivative of 1/2*r**2 - t*r - 8. Determine g(0).
-9
Let l(k) be the second derivative of k**4/12 - k**3/6 - 95*k. Determine l(-5).
30
Let i(t) = t**2 - t - 9. Let p(m) = -3*m + 18. Let b be p(7). Let o be (3 - 3)/(b + 0). Suppose o = 3*v - v. Calculate i(v).
-9
Let h(f) = -7*f**3 + 8*f**2 + 9*f + 2. Let x(k) = -20*k**3 + 23*k**2 + 25*k + 6. Let m(n) = 17*h(n) - 6*x(n). Give m(2).
4
Let i = -44 + 59. Let m(a) = -3*a + 10 + 13*a - i + a**2 + 6. Calculate m(-10).
1
Let q(t) be the first derivative of 2 - 1/3*t**3 - t**2 + 3*t. Suppose 17*l - 15*l = -8. What is q(l)?
-5
Let v be (-2)/9 - 130/(-18). Let x(o) = -2*o**3 - 3*o**2 + 6. Let a(q) = 23 - 43 + 0*q**2 + 17 + q**3 + q**2. Let f(p) = v*a(p) + 4*x(p). What is f(-5)?
3
Let u(a) = 8*a**2 - a - 1. Suppose -14 = -4*x + 6. Suppose 5*i + t - 39 = 0, -x*i + t = -t - 42. Let j be i/(-32) - (-3)/(-4). Give u(j).
8
Let z(m) = 0*m**2 - 14 - m - 9 + m**2. Suppose 4*o + 0*o - n = -2, -2*o - 10 = -5*n. What is z(o)?
-23
Let i be (-3 - -6)/(9/24). Suppose -2*v - 2*v = -i. Let n(t) = -2*t - 5*t**2 - 2 - 4*t**3 + 4*t + 3*t**3 + 4*t**2. Calculate n(v).
-10
Let p(h) be the second derivative of 5*h**4/24 - h**3/3 - 4*h**2 + 20*h. Let w(q) be the first derivative of p(q). Give w(2).
8
Let c(d) = -2 - 1 - 242*d**2 - 2 + 2*d + 122*d**2 + 119*d**2. Give c(4).
-13
Let h(k) be the third derivative of k**4/12 + 19*k**3/3 + 121*k**2. Determine h(-19).
0
Let y(q) = -4*q - 5*q + 10*q - 5 + 0*q. Suppose 3*z + 4*k = -2*z + 41, -k - 16 = -4*z. Determine y(z).
0
Let q(y) = -2*y + 9. Suppose 0 = 69*j - 64*j - 30. Determine q(j).
-3
Let z(b) = -b**3 - 23*b**2 - 21*b + 17. Let g = -1607 + 1585. What is z(g)?
-5
Let u(w) = 7*w - 3. Let t(p) = 6*p**2 - 1. Let x be t(1). Let d be -2 - (4*1 - 0). Let a(m) = 6*m - 3. Let r(k) = d*a(k) + x*u(k). Give r(2).
1
Suppose -4*x + 18 = 5*x. Let i(z) = -20 - 21 - 5*z + z**x + 40. Give i(4).
-5
Let y(x) = -13*x**2 + 9*x + 32. Let r(c) = 28*c**2 - 18*c - 68. Let z(d) = 6*r(d) + 13*y(d). Calculate z(7).
22
Let d(a) be the first derivative of -a**2/2 + 3*a + 112. Calculate d(-6).
9
Let l(m) be the second derivative of m**4/12 + m**3/6 + m**2 - 17*m - 3. Calculate l(-2).
4
Let o(f) = -15*f + 27*f - f**2 - 10*f + 21 - f. Calculate o(6).
-9
Let i(n) = 15*n - 13. Let q(h) = -38 - 38 + 72 + 5*h. Let b(r) = -2*i(r) + 7*q(r). Let k be ((-2)/3)/((-1)/3). What is b(k)?
8
Let q(o) = -6*o + 105. Let t be q(18). Let j(p) = -p**2 - 4*p + 2. Determine j(t).
5
Let n(j) = 6*j - 3. Suppose -8 = o - 4*w, -4*w + 3*w - 17 = -5*o. Suppose 2*g - 3*r = -6, o*g + 0 - 8 = r. Determine n(g).
15
Let t(q) = -q**3 + 10*q**2 + 10*q + 15. Let x be t(11). Let o(i) = 7*i - 4*i + x - 4*i. Determine o(4).
0
Let t(k) be the second derivative of -9/2*k**2 + 20*k + 0 - 1/3*k**3. What is t(-6)?
3
Let k(m) be the third derivative of -m**6/120 + m**5/60 - 13*m**3/6 - 124*m**2 + 1. Determine k(0).
-13
Let q(w) = 95*w + 26. Let i(k) = -68*k - 17. Let p(m) = -7*i(m) - 5*q(m). What is p(8)?
-3
Suppose 3*t + 3*h = -2*h - 1, 5*t = -h + 13. Let m(p) be the first derivative of 1/2*p**2 - p - 1/4*p**4 + p**t + 6. Determine m(3).
2
Let c(k) = 11*k**2 - 3*k**2 - 4*k**2 - k - k**2 - 7. Let u(v) = -v**2 + 2. Let l(s) = 3*c(s) + 8*u(s). Determine l(5).
5
Suppose 0*w = -2*w + 10. Let v(s) = -4*s**2 - 11*s - 3. Let c(b) = -5*b**2 - 12*b - 3. Let g = 22 + -17. Let j(d) = g*c(d) - 6*v(d). Determine j(w).
8
Let n = -1429 + 1428. Let l(g) = g - 1. Calculate l(n).
-2
Let c(r) = -65716 + r - 4*r - r**2 + 65719. Suppose -2*q = 7 + 3. Determine c(q).
-7
Let j(t) = 0*t**2 - 6 - 8 - t**2 + 2*t + 10. Let c(r) = 3*r**2 - 5*r + 8. Let f(w) = 2*c(w) + 5*j(w). Determine f(3).
5
Suppose 7*c - 21 = -7. Suppose j = -2*j, -c*b + 10 = -j. Suppose -5*l + 2 = -7*l + b*n, -l - 4*n = 1. Let y(x) = 6*x**3 - 2*x - 1. Determine y(l).
-5
Let c(n) be the third derivative of -n**5/120 - n**4/6 + 4*n**3 + 20*n**2. Let j(a) be the first derivative of c(a). Calculate j(-3).
-1
Let p(k) be the third derivative of 0*k - 1/60*k**5 + 1/6*k**3 - 9*k**2 + 0 + 1/24*k**4. What is p(-3)?
-11
Suppose 5*k + 3*j + 40 = 0, -13*k + 4*j = -9*k. Let i(x) = x**2 + 4*x - 1. What is i(k)?
4
Suppose 3*k - 7 = 29. Let w = -17 + k. Let d(n) = -n**3 - 5*n**2 - 4*n - 6. What is d(w)?
14
Let c(v) = 2*v + 4. Let w(m) = m. Let t(i) = -2*i - 19. Let z be t(-8). Let s be w(z). Give c(s).
-2
Let m(k) be the first derivative of -k**2/2 - 16*k - 289. Determine m(-11).
-5
Let s be 488*(7/2 - 4). Let m be s/36 - 6/27. Let q(h) = -5*h - 6 + h**2 - 2*h - 2*h**2. Give q(m).
-6
Let s be 925/(-185) + 3*-1. Let x(f) = f + 2. What is x(s)?
-6
Let i = -6 + 8. Let j(w) = w**2 + w - 2. Let x(r) = r**2 + r - 2